{"id":22,"date":"2021-06-08T15:17:06","date_gmt":"2021-06-08T13:17:06","guid":{"rendered":"https:\/\/www.golemandlinea.com\/?page_id=22"},"modified":"2022-10-25T10:37:31","modified_gmt":"2022-10-25T08:37:31","slug":"accueil","status":"publish","type":"page","link":"https:\/\/www.golemandlinea.com\/","title":{"rendered":"ACCUEIL"},"content":{"rendered":"\t\t<div data-elementor-type=\"wp-page\" data-elementor-id=\"22\" class=\"elementor elementor-22\">\n\t\t\t\t\t\t\t\t\t<section class=\"elementor-section elementor-top-section elementor-element elementor-element-96a44d4 elementor-section-boxed elementor-section-height-default elementor-section-height-default\" data-id=\"96a44d4\" data-element_type=\"section\">\n\t\t\t\t\t\t<div class=\"elementor-container elementor-column-gap-default\">\n\t\t\t\t\t<div class=\"elementor-column elementor-col-100 elementor-top-column elementor-element elementor-element-37fef8e\" data-id=\"37fef8e\" data-element_type=\"column\">\n\t\t\t<div class=\"elementor-widget-wrap elementor-element-populated\">\n\t\t\t\t\t\t\t\t<div class=\"elementor-element elementor-element-89d3b21 elementor-widget elementor-widget-text-editor\" data-id=\"89d3b21\" data-element_type=\"widget\" data-widget_type=\"text-editor.default\">\n\t\t\t\t<div class=\"elementor-widget-container\">\n\t\t\t\t\t\t\t<p><img fetchpriority=\"high\" decoding=\"async\" class=\"alignnone wp-image-133 size-medium\" src=\"https:\/\/www.golemandlinea.com\/wp-content\/uploads\/2021\/06\/GolemLinea-logo-vert-300x170.png\" alt=\"\" width=\"300\" height=\"170\" srcset=\"https:\/\/www.golemandlinea.com\/wp-content\/uploads\/2021\/06\/GolemLinea-logo-vert-300x170.png 300w, https:\/\/www.golemandlinea.com\/wp-content\/uploads\/2021\/06\/GolemLinea-logo-vert-1024x579.png 1024w, https:\/\/www.golemandlinea.com\/wp-content\/uploads\/2021\/06\/GolemLinea-logo-vert-768x435.png 768w, https:\/\/www.golemandlinea.com\/wp-content\/uploads\/2021\/06\/GolemLinea-logo-vert-830x470.png 830w, https:\/\/www.golemandlinea.com\/wp-content\/uploads\/2021\/06\/GolemLinea-logo-vert-230x130.png 230w, https:\/\/www.golemandlinea.com\/wp-content\/uploads\/2021\/06\/GolemLinea-logo-vert-350x198.png 350w, https:\/\/www.golemandlinea.com\/wp-content\/uploads\/2021\/06\/GolemLinea-logo-vert-480x272.png 480w, https:\/\/www.golemandlinea.com\/wp-content\/uploads\/2021\/06\/GolemLinea-logo-vert.png 1267w\" sizes=\"(max-width: 300px) 100vw, 300px\" \/><\/p><p>\u00a0<\/p><p style=\"text-align: justify;\"><strong><span style=\"color: #70a59e;\">Golem&amp;Linea Films<\/span><\/strong> est une soci\u00e9t\u00e9 de production install\u00e9e \u00e0 Angoul\u00eame, cr\u00e9\u00e9e en ao\u00fbt 2020 par Christophe Jankovic et Alexandre de Villeneuve.<br \/>Sa vocation est de produire des films originaux et engag\u00e9s d\u2019animation, de fiction, de documentaire ou encore hybrides, pour mettre l\u2019imagination de l\u2019homme au service de la soci\u00e9t\u00e9.<\/p><p style=\"text-align: justify;\">La soci\u00e9t\u00e9 g\u00e8re \u00e9galement une activit\u00e9 de distribution, notamment aupr\u00e8s des festivals internationaux.<\/p>\t\t\t\t\t\t<\/div>\n\t\t\t\t<\/div>\n\t\t\t\t<div class=\"elementor-element elementor-element-ead1887 elementor-widget-divider--view-line elementor-widget elementor-widget-divider\" data-id=\"ead1887\" data-element_type=\"widget\" data-widget_type=\"divider.default\">\n\t\t\t\t<div class=\"elementor-widget-container\">\n\t\t\t\t\t<div class=\"elementor-divider\">\n\t\t\t<span class=\"elementor-divider-separator\">\n\t\t\t\t\t\t<\/span>\n\t\t<\/div>\n\t\t\t\t<\/div>\n\t\t\t\t<\/div>\n\t\t\t\t\t<\/div>\n\t\t<\/div>\n\t\t\t\t\t\t\t<\/div>\n\t\t<\/section>\n\t\t\t\t\t\t\t<\/div>\n\t\t","protected":false},"excerpt":{"rendered":"<p>\u00a0 Golem&amp;Linea Films est une soci\u00e9t\u00e9 de production install\u00e9e \u00e0 Angoul\u00eame, cr\u00e9\u00e9e en ao\u00fbt 2020 par Christophe Jankovic et Alexandre de Villeneuve.Sa [&hellip;]<\/p>\n","protected":false},"author":2,"featured_media":0,"parent":0,"menu_order":0,"comment_status":"closed","ping_status":"closed","template":"elementor_header_footer","meta":{"footnotes":""},"class_list":["post-22","page","type-page","status-publish","hentry"],"_links":{"self":[{"href":"https:\/\/www.golemandlinea.com\/index.php?rest_route=\/wp\/v2\/pages\/22","targetHints":{"allow":["GET"]}}],"collection":[{"href":"https:\/\/www.golemandlinea.com\/index.php?rest_route=\/wp\/v2\/pages"}],"about":[{"href":"https:\/\/www.golemandlinea.com\/index.php?rest_route=\/wp\/v2\/types\/page"}],"author":[{"embeddable":true,"href":"https:\/\/www.golemandlinea.com\/index.php?rest_route=\/wp\/v2\/users\/2"}],"replies":[{"embeddable":true,"href":"https:\/\/www.golemandlinea.com\/index.php?rest_route=%2Fwp%2Fv2%2Fcomments&post=22"}],"version-history":[{"count":37,"href":"https:\/\/www.golemandlinea.com\/index.php?rest_route=\/wp\/v2\/pages\/22\/revisions"}],"predecessor-version":[{"id":152,"href":"https:\/\/www.golemandlinea.com\/index.php?rest_route=\/wp\/v2\/pages\/22\/revisions\/152"}],"wp:attachment":[{"href":"https:\/\/www.golemandlinea.com\/index.php?rest_route=%2Fwp%2Fv2%2Fmedia&parent=22"}],"curies":[{"name":"wp","href":"https:\/\/api.w.org\/{rel}","templated":true}]}}